(-5) + (-74)/10. Let d(m) = -3*m + 10. Suppose -5*j = -3*g + 23, 3*g - 35 = -2*j + 2. What is the remainder when d(p) is divided by g?
9
Let x(l) = l**3 - 5*l**2 + 4*l - 6. Calculate the remainder when 40 is divided by x(5).
12
Let b = -12 - -19. Calculate the remainder when 17 is divided by b.
3
Suppose 2*y + 5*b = -2, -4*b - 1 = -2*y + 15. Suppose y*l = -0*l + 16. Suppose -90 = -l*j + j. Calculate the remainder when j is divided by 11.
8
Let l(g) = 2*g**2 - g - 4. Suppose 3*q - 7 = -4*j - 22, 4*j + 16 = -4*q. Let h(k) = -14*k. Calculate the remainder when l(5) is divided by h(q).
13
Suppose 274 = 5*j - 1. Suppose b + 3*b = 0. What is the remainder when j is divided by 19/(1/(1 + b))?
17
Let z(q) = q**3 - 23*q**2 - 22*q - 36. What is the remainder when 261 is divided by z(24)?
9
Suppose -5*l + 74 = -4*a, -5*a + 94 = 5*l - 4*a. What is the remainder when l is divided by 5?
3
Suppose -2*r - 115 = 3*r. Let q = -10 - r. Suppose -c = -2*z - 46, 4*c + z - 47 - 101 = 0. Calculate the remainder when c is divided by q.
12
Suppose -2 = -c, -5*v - 3*c = 69 - 185. What is the remainder when 151 is divided by v?
19
Suppose 4*f = -4*t + 60, 2*t - 17 - 1 = 4*f. Let c = 1 + 2. Suppose 2*o + c*r = 61, 115 - 44 = 2*o + r. Calculate the remainder when o is divided by t.
12
Let v be 1/(0 + 1 + -2). Calculate the remainder when 0 + 94 - (v + 1) is divided by 24.
22
What is the remainder when 202 is divided by ((-34)/(-8))/((-7)/(-5 - 79))?
49
Let i = -15 + 27. Let f = 115 + -65. Suppose 3*l - 155 = -f. Calculate the remainder when l is divided by i.
11
Suppose 0 = 3*q + 2*n - 9 + 1, 5*n - 13 = -4*q. Let m(t) = t**3 + t**2 + t - 1. Calculate the remainder when 22 is divided by m(q).
9
Suppose 0 = 6*h + 54 - 174. What is the remainder when 39 is divided by h?
19
Let x(d) = -13*d**3 - 4*d - 5. Let r = 78 + -51. Calculate the remainder when x(-2) is divided by r.
26
Let p = 199 + -109. What is the remainder when p is divided by 31?
28
Let a = 77 - 51. Let v = a - 13. Let x = 30 - v. What is the remainder when 33 is divided by x?
16
Suppose -4*c = 4*x - 20, 0*c - c - 2*x = -8. Suppose 48 = c*s + 10. Let q = s + -11. What is the remainder when 14 is divided by q?
6
Let h be (-3)/12 + 65/4. Let p = 15 + h. Calculate the remainder when p is divided by 11.
9
Let i(m) be the second derivative of m**3/3 - 3*m**2/2 - 3*m. What is the remainder when (2 + 3)/((-1)/(-5)) is divided by i(6)?
7
Suppose 3*o + 5*r = 31, 0*o - r - 3 = -4*o. Suppose -3*t + o*t + 18 = 0. What is the remainder when 51 is divided by t?
15
What is the remainder when 67 is divided by (48/(-32))/(3/(-34))?
16
Let g be 3/((-6)/44) - -1. Let c(m) = -3*m - 1. What is the remainder when c(-2) is divided by g/(-12) - (-2)/8?
1
Let z = -23 + 39. Suppose 2*q - 204 = -q. Suppose -25 - q = -3*r. Calculate the remainder when r is divided by z.
15
Suppose 12 = 4*z - 0. Suppose -20 = -z*l - 2*l. What is the remainder when 16 is divided by l/(-18) + (-56)/(-9)?
4
Let w be 4/(-3)*108/8. Let x = -8 - w. What is the remainder when 39 is divided by x?
9
Suppose 0 = y - n - 77, -3*n + 0*n - 150 = -2*y. Calculate the remainder when y is divided by 14.
11
Let c(u) = 13*u - 16. Let q be c(11). Suppose 0 = 5*n + 47 - q. Let l(o) = o**2 + 4*o - 6. Calculate the remainder when n is divided by l(-6).
4
Suppose 2 = -2*g + 8. Suppose g*b + 52 = 7*b. What is the remainder when b is divided by 4?
1
Suppose 6*k = k + 10. Suppose k*m = 4*f - 58, 2*m + 3 = -3. What is the remainder when 25 is divided by f?
12
Let n = -38 + 72. What is the remainder when n is divided by (1 + 0)*(12 - 0)?
10
Suppose 2*z = -2*z - 3*f + 99, 4*z = f + 79. Calculate the remainder when 62 is divided by z.
20
Suppose 3*v - 3 + 42 = 4*o, 31 = 3*o - 4*v. Suppose 2*x = -2*k - 54, o*k - 4*k - 40 = 2*x. Let p = 38 + x. Calculate the remainder when 37 is divided by p.
11
Let b be ((-3)/(-9))/(1/9). Suppose -b = 5*t - 33. Suppose 0 = 3*s + t, 2*y + 2*s - 18 = 5*s. What is the remainder when 17 is divided by y?
5
Let v = -20 - -53. Calculate the remainder when 96 is divided by v.
30
Let x = 15 - 0. What is the remainder when ((-377)/39)/((-1)/3) is divided by x?
14
Suppose 2*g + 72 - 251 = -3*j, -2 = g. Calculate the remainder when j is divided by 22.
17
Suppose 0 = 3*f + 2*f - 3*z - 25, -65 = -5*f - 5*z. Suppose 2*i - 42 = -12. What is the remainder when i is divided by f?
7
Suppose 2*t = -2*b + 31 + 11, -5*b - 2*t + 102 = 0. Let u(o) = -o**2 - 2 - 6 - 14*o - 1. Calculate the remainder when u(-6) is divided by b.
19
Let g = 2 + -1. Let k = -7 + 16. What is the remainder when g + 0 + 25/1 is divided by k?
8
Let j(a) = -a**3 - 6*a**2 + 4. Suppose 12 = -2*m + 6*m. Suppose -g - 1 = -m. What is the remainder when j(-6) is divided by g?
0
Let y(m) = 2*m**3 - 7*m**2 + 8*m - 2. What is the remainder when y(4) is divided by 8?
6
Suppose 0 = 5*m - 4*m - 2, 0 = 2*c + 5*m - 38. What is the remainder when 39 is divided by c?
11
Let s(p) = -30*p + 1. What is the remainder when s(-3) is divided by 364/16 + 1/4?
22
What is the remainder when (230/(-30))/(2/(-6)) is divided by 6?
5
Suppose 94 + 36 = 13*t. Calculate the remainder when 29 is divided by t.
9
Let a = -36 - -65. Suppose 4*v = v + 24. Suppose v = -4*x, 30 = 2*r + x - 6*x. What is the remainder when a is divided by r?
9
Suppose 5*f - 3*j + j = 71, -2*f + 20 = 2*j. Suppose 6*r - 35 = -r. What is the remainder when f is divided by r?
3
Suppose -24 = -3*h - h. Let x be (12/15)/(4/10). Suppose x*n - 9 = -1. Calculate the remainder when h is divided by n.
2
What is the remainder when (0 - 1)*(-175)/5 is divided by 12?
11
Let w(c) = 2*c**2 - c - 4. Let j be w(2). Suppose i - h + j = 9, -2*i - 2*h = 6. Calculate the remainder when 2 is divided by i.
0
Let p(h) = h + 9. Calculate the remainder when 15 is divided by p(0).
6
Let f(u) be the third derivative of -u**6/120 - u**5/6 - u**4/24 - 5*u**3/6 + 3*u**2. Calculate the remainder when 8 is divided by f(-10).
3
Let u be (-10)/(-25) - (-8)/5. Let h be (-5)/(-10) + (-151)/u. Let i = h + 112. What is the remainder when i is divided by 19?
18
Let d(p) = -p**3 - 5*p**2 - 6*p + 5. Calculate the remainder when d(-5) is divided by 13.
9
Suppose -8*p + 258 - 90 = 0. Calculate the remainder when p is divided by 1/(12/11 - 1).
10
Let s = 121 + -79. Calculate the remainder when s is divided by 15.
12
Let s(o) = o**3 - 6*o**2 + o + 1. What is the remainder when s(6) is divided by (8/12)/(3/72*4)?
3
Let b = -173 + 212. Suppose 2*l = l + 14. Calculate the remainder when b is divided by l.
11
What is the remainder when ((-55)/(-33))/((-2)/(-18)) is divided by 6?
3
Suppose -6*a + 2*a - 4 = 0. Let g be ((-10)/(-5))/((-1)/a). Suppose -2*k + 8 = -g. Calculate the remainder when 8 is divided by k.
3
Let j(y) = 2*y - 6. Let k be j(5). Suppose 11 = 3*z - k. Calculate the remainder when z is divided by 3.
2
Let t(f) = -f**3 + 2*f**2 - f + 4. Calculate the remainder when 19 is divided by t(2).
1
Suppose 3*y - 10 = 5*s, 3*y = 2*s + 5*y + 4. Let t(f) = -f**3 - 3*f**2 + 3*f + 1. Let g be t(s). Calculate the remainder when (3*g/(-3))/1 is divided by 5.
4
Let w be 34/17*(-82)/4. What is the remainder when w/(44/12 - 4) is divided by 31?
30
Let m(o) = 7*o - 30. What is the remainder when 45 is divided by m(6)?
9
Let x(h) = -7*h - 5. Let q be x(4). Suppose 279 = o + 8*o. What is the remainder when o is divided by ((-2)/6)/(1/q)?
9
Let n(y) = 10*y**2 + y + 1. Let k(w) = w**2 - 45. What is the remainder when n(-1) is divided by k(-7)?
2
Let k = -26 + 8. Let u = k + 13. Let d(l) = 2*l**2 + 5*l + 6. Calculate the remainder when d(u) is divided by 8.
7
Suppose 9 = -4*z + 5*z. Suppose 50 + 52 = 3*b. Calculate the remainder when b is divided by z.
7
Suppose -4 - 12 = -2*w. Let d(u) be the first derivative of u**3/3 - u**2/2 + 3*u - 3. What is the remainder when d(5) is divided by w?
7
Suppose -4*x = -x - 15. Suppose -2*m = 4*z - 246, -m = -2*m + x. Let v = 104 - z. Calculate the remainder when v is divided by 23.
22
Let p = 0 - -18. Calculate the remainder when 69 is divided by p.
15
Let p(x) = x**2 + 10. What is the remainder when 38 is divided by p(0)?
8
Suppose 4*y = -m + 205, 3*m - 571 = 3*y - 4*y. Calculate the remainder when m is divided by 48.
45
Let p be ((-2)/(-4))/((-1)/2). Calculate the remainder when 37 -